4 = g, 0 = 3*g + l + 3*l + 17. What is the highest common divisor of 2 and g?
1
Let o be 8/(-12)*(-18)/4. Let i be 12 + ((-6)/o)/2. Calculate the highest common factor of i and 1.
1
Let g(k) = k**3 + 135. Let c be g(0). Let v be 5/(8*5/120). Calculate the highest common factor of c and v.
15
Let c be (2 - 1 - 3)*-2. Suppose 0 = 2*p + 2*p - c. Let v(b) = -b - 3. Let j be v(-4). What is the highest common factor of j and p?
1
Suppose 3 - 7 = -j. Calculate the highest common divisor of j and 4.
4
Let l = 1 + 1. Let k be 2/6 - 28/(-6). Let p = k + l. What is the highest common factor of 56 and p?
7
Let z = 45 - 20. What is the greatest common factor of z and 10?
5
Suppose -4*w + 0*w = 200. Let j = 105 + w. Calculate the greatest common divisor of j and 5.
5
Let x = -3 + 73. What is the highest common divisor of x and 10?
10
Let z(d) = d**2 - 10*d. Let b be z(12). Suppose -3*h - 3 = -b. What is the highest common divisor of h and 56?
7
Suppose -7*r + 143 = 31. What is the greatest common factor of 432 and r?
16
Let f(n) = -2*n**2 - 75*n + 161. Let b be f(-39). Let d be (-4)/14 - 60/(-14). What is the greatest common factor of d and b?
4
Let c = 15 + -4. Suppose -c*d + 9*d = -18. Calculate the greatest common divisor of 3 and d.
3
Let d(y) = y**3 - 2*y**2 + y. Let a be d(2). Suppose l + a*l - 78 = 0. Let t = l + -5. Calculate the highest common divisor of 3 and t.
3
Suppose 5*k = 3*a - 154, -6*k + 134 = 3*a - k. Calculate the highest common divisor of a and 3.
3
Let f = -1 - -1. Let p be f + -2*(0 - 1). Suppose p*y = -5*q + 35, -3*y + 0*q = 4*q - 42. What is the greatest common divisor of 90 and y?
10
Let s(o) = 16*o**2 + o - 2. Let i be s(2). Suppose i = -5*z + 504. Let t = z + -11. Calculate the highest common divisor of 11 and t.
11
Suppose 5*b + 8 + 4 = z, 5*z + 5*b = 0. Let o be (4 - z) + 44/2. Suppose 3*d = 8*d - 80. What is the greatest common factor of o and d?
8
Let b = -2 + 3. Let y be (-30)/(-24) - (-2)/(-8). Calculate the greatest common factor of b and y.
1
Let z be (-2)/(2/(-5)*1). Suppose 2*j - j - z = 0. Suppose -j*i + 4*l = -296, 5*l - 26 = -3*i + 122. What is the greatest common factor of 14 and i?
14
Let n = -150 + 312. Suppose 0 = -2*h + 29 - 5. Suppose 102 - h = 5*m. What is the highest common factor of n and m?
18
Suppose 3*i = 4*d + 2, 3*d - 5 = -i - 0*i. Suppose 6*a - 16 = i*a. Calculate the greatest common factor of a and 12.
4
Suppose k + 4 = 9. Suppose k*m - 15 = -0*m. Suppose y - 6 = -m*b - 0*b, 5*b = 2*y - 45. Calculate the highest common factor of 60 and y.
15
Let j = 49 + -37. Calculate the greatest common divisor of 96 and j.
12
Let i(a) = -a + 2. Let w be i(2). Let r be 176 - (w + (-2 - -2)). Let n = -9 - -25. Calculate the greatest common factor of n and r.
16
Suppose w = -2*w. Let s = 10 + -5. Suppose s*f + 2*y + w*y - 28 = 0, 0 = f + y - 5. What is the highest common divisor of 3 and f?
3
Let y be ((-2)/4)/(4/(-296)). Let x = -23 + y. What is the highest common divisor of 98 and x?
14
Let c = 6 - 6. Suppose c = 3*u - 33 - 3. Calculate the greatest common divisor of 72 and u.
12
Suppose -4*h = -5*l + 255, -4*h = -6*h. Let r = 292 + -275. Calculate the highest common factor of l and r.
17
Suppose -2 = 4*s - 5*s. Suppose 0*m - 12 = -4*m + 5*c, 4*m = 2*c + 12. Calculate the highest common divisor of m and s.
1
Let c be (24/(-9) - -3)*-3. Let v = 35 - c. What is the greatest common divisor of 90 and v?
18
Let s = 41 - -19. Calculate the highest common divisor of s and 12.
12
Let m be (-12)/(-54) + (-52)/(-9). Calculate the highest common divisor of m and 3.
3
Let u(y) = y + 8. Let t be u(10). Calculate the highest common factor of t and 9.
9
Suppose -3*g + 40 = 2*a - 18, 3*a + g = 73. What is the highest common divisor of a and 161?
23
Let h be -4 + 4 + (0 - -3). Let u(d) = 2*d**2 - 11*d + 6. Let z be u(7). What is the greatest common factor of h and z?
3
Let t = -50 - -80. What is the highest common divisor of 75 and t?
15
Let u = 4 - -5. Suppose 0*o - 5 = o. Let y(n) = -8*n - 4. Let b be y(o). Calculate the highest common divisor of u and b.
9
Suppose 2*t = 182 - 54. Calculate the highest common factor of t and 8.
8
Suppose 5*p = -2*f + 20, 0*p + 4 = p. Suppose 5*o - 29 = -3*t, 5*t - 5*o + 2 + 3 = f. What is the highest common factor of 12 and t?
3
Let n(y) = -y**2 + 8*y + 14. Let t be n(8). Calculate the greatest common divisor of 56 and t.
14
Let o = 13 - 8. Suppose o*x + 2*p - 6*p - 119 = 0, x = -2*p + 35. Calculate the highest common factor of x and 9.
9
Let w be (-17)/(-3) + 4/(-6). What is the highest common divisor of 25 and w?
5
Suppose -2*j = 5*p - 153 - 128, -p - j + 58 = 0. What is the highest common divisor of 11 and p?
11
Suppose -5*n = -3*n - 200. Suppose -2 = 5*r - 12. Suppose -r*j = 5*h - n, 2*j - 161 = -j - 2*h. What is the greatest common factor of 5 and j?
5
Let n be (-1 + 9)*9/4. Let a = -11 + 15. Suppose a*g + 5*r = 556, 3*r - 505 + 85 = -3*g. Calculate the highest common factor of g and n.
18
Suppose v = -3*m + 78, -4*v - 25 + 302 = 5*m. Calculate the greatest common factor of 9 and v.
9
Suppose 5 = 4*k - 4*p - p, -40 = 3*k + 5*p. Let g(f) = f**2 + 2*f + 7. Let x be g(k). Suppose 0 = -5*s + 32 + 78. What is the highest common divisor of s and x?
22
Let x be 8/2 + 1 + -3. Suppose 2*k + x*k = -n + 21, 3*n = 4*k - 17. Calculate the greatest common factor of n and 1.
1
Let p be (-4)/10 - 17/(-5). Let s = p + 8. Let j = 20 - s. What is the highest common divisor of j and 72?
9
Let l = 71 + -57. Suppose 3*t - 64 = 2*m + 1, 5*t + 4*m = 101. What is the highest common factor of t and l?
7
Suppose 4*m - 270 = 2*l, 2*m - 3*l - 145 = -0*l. Suppose -2*w - m = -7*w. What is the greatest common divisor of w and 117?
13
Let w(s) = 3*s**2 + 2*s - 3. Let i be w(2). Calculate the highest common factor of 26 and i.
13
Let c(u) = -u**3 + 6*u**2 + 6*u - 8. Let y be c(6). What is the greatest common divisor of y and 7?
7
Suppose 4*v = -c - 7 + 25, -87 = -4*c - v. Calculate the greatest common factor of c and 11.
11
Let a be ((-44)/(-6))/((-4)/(-24)). Let b be ((-10)/4)/((-4)/(-8)). Let r be (-22)/(b - -2 - -1). Calculate the highest common factor of r and a.
11
Let i(l) = l**2 + l - 6. Let j be i(-5). Suppose 6*f = -3*f + 630. Calculate the highest common divisor of j and f.
14
Let o be (4 + -5 + 4)*10. Calculate the highest common factor of o and 15.
15
Suppose 5*q - 5*l = 65, -3*l = -q + 2*q - 17. Let m be 8/28 + 444/q. Calculate the greatest common divisor of 8 and m.
8
Let l be 1 + -1 + 28 - -2. Let n(o) be the first derivative of -7*o**2/2 - 2*o + 1. Let w be n(-2). Calculate the highest common divisor of l and w.
6
Suppose -2*r = -4*y + 184, -119 - 101 = -5*y + 5*r. Let f = -59 + 75. What is the highest common factor of f and y?
16
Let i be 4*-1*-1 + 2. Let w = i - 2. Let h be (-14 + w)/(2/(-5)). What is the greatest common divisor of 10 and h?
5
Suppose 0 = 5*g - 54 - 6. What is the highest common divisor of 96 and g?
12
Let w = 1 + 1. Suppose 2*r + 2*o = 0, -o = o + 10. Calculate the greatest common divisor of w and r.
1
Suppose w = -2*z + 11, -7 = 4*z - 3*z - 2*w. Suppose -z = 2*y + y. Let u be (5 - y)/((-4)/(-24)). Calculate the highest common divisor of 4 and u.
4
Suppose 143 = -2*i + 3*i. Let l be -3*3/18*-26. Calculate the highest common factor of i and l.
13
Let l(j) = j**3 + 3. Let v be l(0). Let s = 7 + -2. Suppose 3*x - 81 = -r, s*x - 99 = 5*r + 36. Calculate the greatest common factor of v and x.
3
Suppose 2*z - 4 = -0. Suppose 0 = z*w + 20 + 68. Let c = w + 65. Calculate the greatest common divisor of 21 and c.
21
Let m = -10 - -23. What is the highest common factor of 104 and m?
13
Suppose 3*w - 54 = w. Calculate the highest common divisor of w and 3.
3
Suppose -4*m - b + 37 = -67, 0 = 4*b - 16. What is the highest common divisor of m and 275?
25
Let l = 0 + 33. Let u(p) = -p + 165. Let t be u(0). What is the highest common factor of t and l?
33
Let a be (-272)/(-14) - 3/7. Calculate the greatest common factor of a and 133.
19
Suppose 3*k = 2 + 1. Suppose -f = -k - 6. Let n = 0 + f. Calculate the greatest common divisor of 14 and n.
7
Let x = 12 + 43. Suppose -s - 15 = -x. Let w = s - -2. Calculate the highest common divisor of 28 and w.
14
Suppose -t + 5 = 2. Let l = -2 - -5. Suppose -t*n = 